27 is divided by y(-7).
6
Let j = 12 + 1. What is the remainder when 21 is divided by j?
8
Let c(y) = y + 11. What is the remainder when c(3) is divided by 9?
5
Suppose -b - 5 = 0, 0*t = 4*t + 3*b - 25. Suppose -t = -2*r + 50. Calculate the remainder when r is divided by 11.
8
Let i = -58 + 69. Let f be 1412/20 - (-2)/5. Suppose -3*b = -4*r + 78, -3*r + 0*r - 4*b = -f. Calculate the remainder when r is divided by i.
10
Let v(r) = r**2 - 3 - 1 - 4*r + 0. Calculate the remainder when v(5) is divided by 1.
0
Let s(q) = -q**3 + 6*q**2 + q + 4. Let t(k) = -k**3 + 2*k - 1. What is the remainder when s(6) is divided by t(-2)?
1
Suppose -5*k + 4*s = -103, -2*k + 7*k - 93 = -s. Let f(g) = 56*g**2 - 1. Let l = -1 - -2. What is the remainder when f(l) is divided by k?
17
Suppose -54 = 5*l - 214. What is the remainder when l is divided by (1 + 1)*-1 + 13?
10
Let p = 10 - 5. Suppose -p*r - 2 = -197. What is the remainder when r is divided by 20?
19
Let y(w) = -w**2 + 14*w - 6. Calculate the remainder when y(11) is divided by 10.
7
Let j(k) = -75*k. What is the remainder when j(-1) is divided by 262/14 - (27/(-21) + 1)?
18
Let y(u) = 3*u**2 + 11*u + 7. Suppose -5*p + 43 + 62 = 0. What is the remainder when p is divided by y(-4)?
10
Let s = 1 - 4. Suppose 5*l = 30 + 60. Calculate the remainder when (1/2)/(s/(-204)) is divided by l.
16
Suppose -4*n + 0*f = -2*f - 12, -18 = -5*n + f. What is the remainder when (-10 - -8)*(-50)/n is divided by 14?
11
Suppose 3*q - 5*y + 17 = 1, 20 = 5*q + y. Suppose -q*m = 2*m - 105. Calculate the remainder when m is divided by 11.
10
Suppose 6*u = 2*u + 664. Suppose 21 = -5*s + u. Let d = 8 - -2. What is the remainder when s is divided by d?
9
Let g be 8/1*2/4. Let l = -13 - -20. Calculate the remainder when (g - -8)*(-2)/(-2) is divided by l.
5
Let t(j) = -2*j - 12. Suppose -3*p - 2*p + 1410 = 0. What is the remainder when p/22 + 4/22 is divided by t(-8)?
1
Suppose h = 83 + 91. Suppose 5 = j + 3*r - 41, 4*j = -2*r + h. Calculate the remainder when j is divided by -1 + (2 - -11 - 1).
10
Suppose 2*o + 40 = -2*u + 8, 0 = -5*u + 4*o - 35. Let r(p) = p + 23. Let z(g) = 35*g**3 + g**2 - 2*g + 1. Calculate the remainder when z(1) is divided by r(u).
11
Let t(j) = j**3 + 6*j**2 - 10*j - 4. Calculate the remainder when 54 is divided by t(-7).
3
Let p(h) = -5*h - 7 + 3 + 0 + 1. What is the remainder when 42 is divided by p(-5)?
20
What is the remainder when 19 is divided by (0 + (-3)/6)*-10?
4
Suppose -3*p + 2*d + 25 = -2*d, -4*p = -3*d - 38. Let k be (-202)/(-4) + 1/(-2). Let w = -18 + k. Calculate the remainder when w is divided by p.
10
Let w(q) = q**2 - 11*q - 5. Let j be w(11). Let m = 8 - j. Calculate the remainder when m is divided by 4.
1
Let k(j) = j**2 - 8*j - 15. Let l = 20 - 7. Calculate the remainder when l is divided by k(-2).
3
Let f = -68 - -133. What is the remainder when f is divided by 17?
14
Let h = -2 - -6. Suppose v + 5*j = -5, -4*v - 4*j + 0*j - h = 0. Suppose v*r + 3 = r. Calculate the remainder when 8 is divided by r.
2
Let f = 14 + -10. Calculate the remainder when f is divided by 1.
0
Let i = -4 - -26. Let a = 31 - i. Calculate the remainder when (3/6)/((-3)/(-96)) is divided by a.
7
Let o be ((-4)/(-6))/((-2)/9). Calculate the remainder when 8 is divided by 3/2*(5 + o).
2
Let p(n) be the third derivative of n**5/30 - n**4/4 - n**3/6 - n**2. Calculate the remainder when p(5) is divided by 4 + 4*9/12.
5
Suppose 0 = -5*t - 0*t + 1230. What is the remainder when t/4 - 4/8 is divided by 16?
13
Suppose -3*o - 15 = -n + o, -3*n + o = -56. Calculate the remainder when 55 is divided by n.
17
Suppose 3 = -d + j, -2*j + 0*j + 12 = d. Calculate the remainder when (d/(-2))/((-2)/42) is divided by 6.
3
Suppose -30 = -0*z - z. Let s(h) = 3 + 4*h - 3 + 4. What is the remainder when z is divided by s(3)?
14
Suppose 22 = 3*a - 23. What is the remainder when 89 is divided by a?
14
Suppose 0 = c - 3. Suppose 6*s - 81 = -2*g + c*s, 118 = 3*g + s. Calculate the remainder when g is divided by 14.
11
Let o be 2904/9 + (-2)/3. Suppose 0 = -2*z + 26 + 2. Calculate the remainder when (-6)/9 + o/6 is divided by z.
11
Suppose 4*h - 100 - 8 = 0. Suppose 2*x - h = -5. Calculate the remainder when 32 is divided by x.
10
Suppose g + 5 = 3. What is the remainder when 17 is divided by (20/(-15))/(g/9)?
5
Let y = -55 + 72. What is the remainder when 28 is divided by y?
11
Suppose 6*k + 6 = 3*k. Calculate the remainder when (-93)/(-4) - (243/(-36) - -7) is divided by 10 - (0/(-2) + k).
11
Let q = 18 + -19. Calculate the remainder when q + (-3)/((-3)/8) is divided by 1 - (1 - 0 - 2).
1
Let f(d) = d**3 + 6*d**2 + 7*d + 7. What is the remainder when 92/3 - (-4)/(-6) is divided by f(-4)?
8
Suppose 0 = -4*y - 4*k + 56, -4*y + k - 29 + 85 = 0. Calculate the remainder when 38 is divided by y.
10
Suppose 0*m - 2*m = -30. Suppose 5 + m = 5*p. What is the remainder when p is divided by 2?
0
Suppose -2*m + 3*m = 2*y - 25, -4*y + 15 = 5*m. Calculate the remainder when 18 is divided by y.
8
Let k be (-10)/(-4)*48/40. Let l(i) = 2*i + 1. What is the remainder when 27 is divided by l(k)?
6
Let t = 139 - 77. Suppose -2*c + 61 - 19 = 0. Calculate the remainder when t is divided by c.
20
Let q be (-6)/4*210/(-9). Suppose -4*m = -p - 37, 13 = -3*m - 5*p + q. What is the remainder when 33 is divided by m?
6
Let z = 14 - 11. Suppose -4*u + 7*y = 2*y - 39, -u + 21 = -5*y. What is the remainder when u is divided by z?
0
Let o(n) = 60*n**3 + 3*n**2 - n. Calculate the remainder when 123 is divided by o(1).
61
Let b(z) = 25*z + 6 - 13*z - 11*z. Let n = 96 - 67. What is the remainder when n is divided by b(4)?
9
Suppose -2*u - 36 = -3*r + r, 0 = -3*r + 4*u + 53. What is the remainder when 35 is divided by r?
16
Let z = 22 + -12. What is the remainder when 19 is divided by z?
9
Let q(w) = -w**3 + 14*w**2 - 24*w + 7. Let f be (-5 + 0)*(-4)/(-10). Calculate the remainder when (f/3)/((-3)/117) is divided by q(12).
5
Let w(o) = -o**2 - 5*o - 6. Let b be w(-5). Let g(v) = -v**3 - 5*v**2 + 5*v + 4. Calculate the remainder when 17 is divided by g(b).
7
Suppose 47 = -6*t + 647. Calculate the remainder when t is divided by 17.
15
Let m(q) = -10*q + 3. What is the remainder when m(-2) is divided by 6/21 + 89/7?
10
Suppose 5*n - 20 = 5*y, 5*n + 0*n + 22 = -y. Let f = y + 12. Let k(m) = -m**3 - 2*m**2 - m + 2. Calculate the remainder when k(-3) is divided by f.
4
Suppose 2*j + 4 = -20. What is the remainder when 22 is divided by (j/15)/(6/(-60))?
6
Let h = 129 + -73. Suppose -12 - h = -4*s. Calculate the remainder when 48 is divided by s.
14
Let q(m) = -m**3 + 16*m**2 - 13*m - 16. Calculate the remainder when 53 is divided by q(15).
11
Let n = 145 + -91. Calculate the remainder when n is divided by 14.
12
Let f = -10 + 17. Calculate the remainder when 20 is divided by (7 + 0)/(f + -6).
6
Let r(a) = a**2 - 8*a + 7. Let h be r(8). Suppose 0 = -2*j + h + 49. What is the remainder when j is divided by 10?
8
Let t = -4 + 8. Suppose t*n = 17 + 19. Calculate the remainder when 17 is divided by n.
8
Suppose 0*g - 4*g - 2*x = 26, 3*g = -5*x - 9. Let z = g - -54. Let m = 25 + -9. Calculate the remainder when z is divided by m.
14
Let v = 3 - -2. Calculate the remainder when 46 is divided by (2/v)/((-4)/(-120)).
10
Let i be (0/3)/((-3)/3). Suppose i*m + 5*m = 65. Calculate the remainder when 50 is divided by m.
11
Let t = -6 - -9. Suppose t*k - 45 = -0*k. What is the remainder when 28 is divided by k?
13
Calculate the remainder when 2 - (24/(-6) - 17) is divided by 17.
6
Calculate the remainder when 68 is divided by (-16)/(-6)*(-9)/(-24)*18.
14
Suppose 0 = -m - 4*m + 185. Calculate the remainder when m is divided by 13.
11
Let x = -5 - -7. Suppose x*y - s - 42 = 22, 0 = -3*y - 4*s + 74. What is the remainder when 22 is divided by (y/(-25))/(1/(-5))?
4
Let k = -29 + 46. What is the remainder when 100 is divided by k?
15
Suppose 9*u - 82 = 4*u + 4*c, -5*u = -c - 88. Calculate the remainder when 85 is divided by u.
13
Let n be (-4)/2*-1 - -1. Suppose -2*a + n*a = 1. What is the remainder when 3 is divided by a?
0
Let g(t) = t**3 + 12*t**2 + 9*t - 4. Calculate the remainder when 50 is divided by g(-11).
14
Suppose -2*h + 302 = 4*w, 124 = 2*w - 3*h - 23. What is the remainder when w is divided 